{"id":6,"date":"2012-08-08T10:24:27","date_gmt":"2012-08-08T09:24:27","guid":{"rendered":"http:\/\/centre-adr.fr\/?page_id=6"},"modified":"2020-07-07T16:37:26","modified_gmt":"2020-07-07T15:37:26","slug":"accueil","status":"publish","type":"page","link":"https:\/\/centre-adr.fr\/","title":{"rendered":"Accueil"},"content":{"rendered":"<div id=\"div70\">\n<p style=\"text-align: justify;\"><strong>Le centre ADR est un centre de consultation d\u00e9di\u00e9 \u00e0 la chirurgie de l\u2019appareil locomoteur<\/strong> (chirurgie des os et des articulations, chirurgie du rachis, chirurgie de la main, microchirurgie et chirurgie nerveuse).<\/p>\n<p style=\"text-align: justify;\"><strong>Il est situ\u00e9 \u00e0 Nancy<\/strong>, sur deux sites :<\/p>\n<ul>\n<li>Au M\u00e9dip\u00f4le Gentilly &#8211; Saint-Jacques<\/li>\n<li>Au M\u00e9dip\u00f4le de la Clinique Louis Pasteur<\/li>\n<\/ul>\n<p style=\"text-align: justify;\"><strong>Une \u00e9quipe de sept chirurgiens<\/strong> vous propose une prise en charge compl\u00e8te, diversifi\u00e9e et sp\u00e9cialis\u00e9e (arthrose, chirurgie du sport, traumatologie\u2026).<\/p>\n<p>&nbsp;<\/p>\n<div>\n<center>    <\/p>\n<style>\n        .doctolib-button {\n        display: inline-block;\n        padding: 6px 12px;\n        margin-bottom: 0px;\n        font-size: 14px;\n        font-weight: normal;\n        line-height: 1.42857;\n        text-align: center;<\/p>\n<p>        width: 230px;<\/p>\n<p>        background-image: none;\n        background-color: rgb(150, 188, 13);\n        color: white;\n        text-transform: uppercase;\n        font-size: 12px;\n        vertical-align: middle;<\/p>\n<p>        cursor: pointer;\n        text-decoration: none;\n        font-family: Arial;<\/p>\n<p>        border: 1px solid transparent;\n        border-width: medium medium 2px;\n        border-style: none none solid;\n        border-image: none;\n        border-radius: 5px;\n        border-bottom-color: rgb(124, 169, 34);\n        -moz-border-top-colors: none;\n        -moz-border-right-colors: none;\n        -moz-border-bottom-colors: none;\n        -moz-border-left-colors: none;\n        -moz-user-select: none;\n        }<\/p>\n<p>        .doctolib-button:hover {\n        background-color: rgb(7, 122, 199);\n        color: white;\n        text-decoration:none;\n        }<\/p>\n<p>a.doctolib-button:link { color:#FFF; text-decoration:none; font-weight:normal; }\na.doctolib-button:visited { color: #FFF; text-decoration:none; font-weight:normal; }\na.doctolib-button:hover { color: #FFF; text-decoration:none; font-weight:normal; }\na.doctolib-button:active { color: #FFF; text-decoration:none; font-weight:normal; }<\/p>\n<\/style>\n<p>      <a class=\"doctolib-button\" target=\"_blank\" title=\"Centre Chirurgical ADR - Cabinet m\u00e9dical Nancy\" href=\"https:\/\/www.doctolib.fr\/cabinet-medical\/nancy\/centre-chirurgical-adr\">Prendre rendez-vous en ligne<\/a><br \/>\n<\/center>\n<\/div>\n<p><\/p>\n<div style=\"position: relative; left: -10px; top: 44px;\"><!-- Start vSlider options -->\r\n<script type=\"text\/javascript\">\r\nvar $jq = jQuery.noConflict(); $jq(document).ready(function() { \r\n    $jq('#vslider_options').coinslider({ width: 425,     height: 250, spw: 7, sph: 5, delay: 4000, sDelay: 30, opacity: 0.8, titleSpeed: 1000, effect: 'fade', navigation: true, links : false, stickynav: false, hoverPause: true }); }); \r\n    <\/script>\r\n<!-- Begin vSlider options -->\r\n<style type=\"text\/css\" media=\"screen\">\r\n#vslider_optionscontainer {\r\n    margin: -24px 10px 10px 10px;\r\n    float:none;\r\n    }\r\n#vslider_options { \r\n    width: 425px; \r\n    height: 250px;\r\n    overflow: hidden; \r\n    position: relative; \r\n    }\r\n    \r\n\r\n    #vslider_options a, #vslider_options a img {\r\n        border: none !important; \r\n        text-decoration: none !important; \r\n        outline: none !important;\r\n        } \r\n        \r\n    #vslider_options h4 {\r\n        color: #FFFFFF !important;\r\n        margin: 0px !important;padding: 0px !important;\r\n        font-family: Arial, Helvetica, sans-serif !important;\r\n        font-size: 16px !important;}\r\n        \r\n    #vslider_options .cs-title {\r\n        background: #000000;\r\n        color: #FFFFFF  !important;\r\n        font-family: Arial, Helvetica, sans-serif !important;\r\n        font-size: 14px !important;\r\n        letter-spacing: normal !important;line-height: normal !important;}\r\n        \r\n    #vslider_options .cs-title{ position:absolute;\r\n    width: 414px; padding: 10px;        }\r\n    #cs-buttons-vslider_options { display: none; }    #vslider_optionscontainer .cs-buttons {clear:both; font-size: 0px; margin: 10px 0 10px 100px; float: left; }\r\n       #cs-button-vslider_options{ z-index:999;outline:none;}\r\n                #vslider_optionscontainer .cs-buttons { font-size: 0px; padding: 10px; float: left; outline: none !important;}\r\n           #vslider_optionscontainer .cs-buttons a { margin-left: 5px; height: 15px; width: 15px; float: left; \r\n                            background: url('http:\/\/centre-adr.fr\/wp-content\/plugins\/vslider\/images\/default_style.png') no-repeat;background-position:top;\r\n                                                text-indent: -1000px;\r\n                                                outline: none !important;\r\n                             }\r\n             #vslider_optionscontainer .cs-buttons a:hover  { background: url('http:\/\/centre-adr.fr\/wp-content\/plugins\/vslider\/images\/default_style.png') no-repeat;background-position: bottom;top:15px;outline: none !important;}\r\n            #vslider_optionscontainer  a.cs-active { background: url('http:\/\/centre-adr.fr\/wp-content\/plugins\/vslider\/images\/default_style.png') no-repeat;background-position:bottom;outline: none !important;}          \r\n                                \r\n        \r\n                 #vslider_options  .cs-prev,#vslider_options  .cs-next { outline:none; }\r\n                #vslider_options  .cs-prev,#vslider_options .cs-next {font-weight: bold;background: #000000 !important;font-size: 28px !important;font-family: \"Courier New\", Courier, monospace;color: #FFFFFF \r\n!important;padding: 0px 10px !important;-moz-border-radius: 5px;-khtml-border-radius: 5px;-webkit-border-radius: 5px;}\r\n         \r\n       #vslider_options,#vslider_options img {\r\n        border:1px solid #aaaaaa; \r\n        border-radius:0px;\r\n        -moz-border-radius:0px;\r\n        -webkit-border-radius:0px;\r\n        }\r\n<\/style>\r\n<!-- End vSlider options -->\r\n    <div id=\"vslider_optionscontainer\">\r\n    <div id=\"vslider_options\"><img src=\"http:\/\/centre-adr.fr\/wp-content\/plugins\/vslider\/timthumb.php?src=http%3A%2F%2Fcentre-adr.fr%2Fwp-content%2Fuploads%2F2012%2F10%2Fbouger.png&w=425&h=250&zc=1&q=80\" style=\"width:425px;height:250px;\" alt=\"\" \/>\r\n<span><h4><\/h4>Bouger c'est rester libre! T\u00e9l\u00e9chargez <a href=\"http:\/\/centre-adr.fr\/wp-content\/uploads\/2012\/10\/bouger.pdf\" target=\"new\">la brochure.<\/a> <a href=\"\" style=\"background:#97141C; color:#fff !important;text-decoration:underline !important;font-weight:bold !important;\" target=\"\"><\/span>\r\n<\/a>\r\n    <img src=\"http:\/\/centre-adr.fr\/wp-content\/plugins\/vslider\/timthumb.php?src=http%3A%2F%2Fcentre-adr.fr%2Fwp-content%2Fuploads%2F2012%2F10%2Farthro.png&w=425&h=250&zc=1&q=80\" style=\"width:425px;height:250px;\" alt=\"\" \/>\r\n<span><h4><\/h4>Pr\u00e9cisions sur l'arthroscopie : <a href=\"http:\/\/centre-adr.fr\/?p=531\" target=\"new\">consultez la page.<\/a> <a href=\"\" style=\"background:#97141C; color:#fff !important;text-decoration:underline !important;font-weight:bold !important;\" target=\"\"><\/span>\r\n<\/a>\r\n    <img src=\"http:\/\/centre-adr.fr\/wp-content\/plugins\/vslider\/timthumb.php?src=http%3A%2F%2Fcentre-adr.fr%2Fwp-content%2Fuploads%2F2012%2F10%2Fambul.png&w=425&h=250&zc=1&q=80\" style=\"width:425px;height:250px;\" alt=\"\" \/>\r\n<span><h4><\/h4>D\u00e9couvrez <a href=\"http:\/\/centre-adr.fr\/?p=576\" target=\"new\"> l'hospitalisation ambulatoire.<\/a> <a href=\"\" style=\"background:#97141C; color:#fff !important;text-decoration:underline !important;font-weight:bold !important;\" target=\"\"><\/span>\r\n<\/a>\r\n    <img src=\"http:\/\/centre-adr.fr\/wp-content\/plugins\/vslider\/timthumb.php?src=http%3A%2F%2Fcentre-adr.fr%2Fwp-content%2Fuploads%2F2012%2F10%2Fstaphylocoque-dore.jpg&w=425&h=250&zc=1&q=80\" style=\"width:425px;height:250px;\" alt=\"\" \/>\r\n<span><h4><\/h4>Risques infectieux op\u00e9ratoires : consultez <a href=\"http:\/\/centre-adr.fr\/wp-content\/uploads\/2012\/10\/2012_risques-infectieux.pdf\" target=\"new\">la brochure.<\/a> <a href=\"\" style=\"background:#97141C; color:#fff !important;text-decoration:underline !important;font-weight:bold !important;\" target=\"\"><\/span>\r\n<\/a>\r\n    <img src=\"http:\/\/centre-adr.fr\/wp-content\/plugins\/vslider\/timthumb.php?src=http%3A%2F%2Fcentre-adr.fr%2Fwp-content%2Fuploads%2F2012%2F10%2Fski.png&w=425&h=250&zc=1&q=80\" style=\"width:425px;height:250px;\" alt=\"\" \/>\r\n<span><h4><\/h4>Sports d'hiver  : <a href=\"http:\/\/centre-adr.fr\/wp-content\/uploads\/2012\/10\/Fiche-pratique-sports-dhiver.pdf\" target=\"new\">pr\u00e9vention et traitement des l\u00e9sions<\/a> <a href=\"\" style=\"background:#97141C; color:#fff !important;text-decoration:underline !important;font-weight:bold !important;\" target=\"\"><\/span>\r\n<\/a>\r\n    <img src=\"http:\/\/centre-adr.fr\/wp-content\/plugins\/vslider\/timthumb.php?src=http%3A%2F%2Fcentre-adr.fr%2Fwp-content%2Fuploads%2F2013%2F04%2Fhistoires.jpg&w=425&h=250&zc=1&q=80\" style=\"width:425px;height:250px;\" alt=\"\" \/>\r\n<span><h4><\/h4>Histoires d'Os et d'Articulations.\r\nConsultez <a href=\"http:\/\/centre-adr.fr\/wp-content\/uploads\/2013\/04\/HistoiresdOs.pdf\" target=\"new\">le guide.<\/a> <a href=\"\" style=\"background:#97141C; color:#fff !important;text-decoration:underline !important;font-weight:bold !important;\" target=\"\"><\/span>\r\n<\/a>\r\n    <\/div><\/div><\/div>\n<\/div>\n<div id=\"divaccueildroite\">\n<p><img loading=\"lazy\" class=\"alignleft\" src=\"http:\/\/centre-adr.fr\/wp-content\/uploads\/2012\/10\/journal.png\" alt=\"\" width=\"62\" height=\"62\" \/><\/p>\n<div id=\"divaccueildroite2\"><strong>Actualit\u00e9s<\/strong><br \/>\n<font color=\"red\"><b>\u00ab Les consultations ont repris au cabinet.<br \/>Veuillez venir avec un masque, 5 minutes seulement avant l\u2019heure de rendez-vous. <br \/>Les accompagnants restent dehors afin de limiter le nombre de personnes dans les locaux. <br \/>Les interventions ont repris \u00e0 75 % mais devraient normalement atteindre 100% dans l\u2019\u00e9t\u00e9. \u00bb<\/b> <\/font>\n<\/div>\n<div style=\"clear: both;\"><\/div>\n<\/div>\n<div id=\"divaccueildroite\">\n<p><img loading=\"lazy\" class=\"alignleft\" src=\"http:\/\/centre-adr.fr\/wp-content\/uploads\/2012\/10\/history.png\" alt=\"\" width=\"55\" height=\"55\" \/><\/p>\n<div id=\"divaccueildroite2\"><strong>Horaires<\/strong><br \/>\nLe centre est ouvert du lundi au vendredi de 8h30 \u00e0 18h30 et le samedi de 8h30 \u00e0 12h30.<\/div>\n<div style=\"clear: both;\"><\/div>\n<\/div>\n<div id=\"divaccueildroite\">\n<p><img loading=\"lazy\" class=\"alignleft\" src=\"http:\/\/centre-adr.fr\/wp-content\/uploads\/2012\/10\/Safety-Box-v2.png\" alt=\"\" width=\"62\" height=\"62\" \/><\/p>\n<div id=\"divaccueildroite2\"><strong>Urgences<\/strong><br \/>\nL\u2019\u00e9quipe chirurgicale ADR travaille en lien avec :<\/p>\n<p>&#8211; le service d\u2019accueil des urgences de la clinique de Gentilly, ouvert 7j\/7, 24h\/24 au 2, rue Marie Marvingt, 54000 Nancy. Urgences traumatologiques et SOS main : <b>03.83.93.50.03<\/b><\/p>\n<p>&#8211; le centre m\u00e9dical de soins imm\u00e9diats de la clinique Louis Pasteur, ouvert 7j\/7, de 8h \u00e0 20h au 7, rue Parmentier, 54270 Essey les Nancy. Tel : <b>03.83.18.83.67<\/b><\/p>\n<p>Pour les urgences diff\u00e9r\u00e9es, le centre ADR assure des consultations sp\u00e9cifiques (RDV dans la semaine suivant le traumatisme).<\/p><\/div>\n<div style=\"clear: both;\"><\/div>\n<\/div>\n<div style=\"clear: both;\"><\/div>\n","protected":false},"excerpt":{"rendered":"<p>Le centre ADR est un centre de consultation d\u00e9di\u00e9 \u00e0 la chirurgie de l\u2019appareil locomoteur (chirurgie des os et des articulations, chirurgie du rachis, chirurgie de la main, microchirurgie et chirurgie nerveuse). Il est situ\u00e9 \u00e0 Nancy, sur deux sites : Au M\u00e9dip\u00f4le Gentilly &#8211; Saint-Jacques Au M\u00e9dip\u00f4le de la Clinique Louis Pasteur Une \u00e9quipe &hellip; <\/p>\n<p><a class=\"more-link block-button\" href=\"https:\/\/centre-adr.fr\/\">Lire la Suite &raquo;<\/a><\/p>\n","protected":false},"author":1,"featured_media":0,"parent":0,"menu_order":0,"comment_status":"closed","ping_status":"closed","template":"","meta":[],"tags":[10],"_links":{"self":[{"href":"https:\/\/centre-adr.fr\/index.php?rest_route=\/wp\/v2\/pages\/6"}],"collection":[{"href":"https:\/\/centre-adr.fr\/index.php?rest_route=\/wp\/v2\/pages"}],"about":[{"href":"https:\/\/centre-adr.fr\/index.php?rest_route=\/wp\/v2\/types\/page"}],"author":[{"embeddable":true,"href":"https:\/\/centre-adr.fr\/index.php?rest_route=\/wp\/v2\/users\/1"}],"replies":[{"embeddable":true,"href":"https:\/\/centre-adr.fr\/index.php?rest_route=%2Fwp%2Fv2%2Fcomments&post=6"}],"version-history":[{"count":171,"href":"https:\/\/centre-adr.fr\/index.php?rest_route=\/wp\/v2\/pages\/6\/revisions"}],"predecessor-version":[{"id":1072,"href":"https:\/\/centre-adr.fr\/index.php?rest_route=\/wp\/v2\/pages\/6\/revisions\/1072"}],"wp:attachment":[{"href":"https:\/\/centre-adr.fr\/index.php?rest_route=%2Fwp%2Fv2%2Fmedia&parent=6"}],"wp:term":[{"taxonomy":"post_tag","embeddable":true,"href":"https:\/\/centre-adr.fr\/index.php?rest_route=%2Fwp%2Fv2%2Ftags&post=6"}],"curies":[{"name":"wp","href":"https:\/\/api.w.org\/{rel}","templated":true}]}}